oes 13 divide 5011?
False
Is 1197 a multiple of 19?
True
Is 40 a factor of 2080?
True
Is 34 a factor of 782?
True
Does 3 divide 71?
False
Is 20 a factor of 5260?
True
Does 33 divide 10659?
True
Is 1295 a multiple of 37?
True
Does 7 divide 273?
True
Is 226 a factor of 35708?
True
Is 15 a factor of 1530?
True
Is 53475 a multiple of 93?
True
Does 6 divide 8099?
False
Is 748 a multiple of 22?
True
Is 532 a multiple of 7?
True
Does 8 divide 739?
False
Does 27 divide 1080?
True
Is 11535 a multiple of 3?
True
Is 1971 a multiple of 33?
False
Does 28 divide 8508?
False
Does 18 divide 29747?
False
Is 320 a multiple of 20?
True
Is 7770 a multiple of 111?
True
Is 49 a factor of 7938?
True
Is 2979 a multiple of 9?
True
Is 50 a factor of 11850?
True
Is 80 a factor of 633?
False
Does 199 divide 48104?
False
Is 58 a factor of 8065?
False
Is 2638 a multiple of 5?
False
Is 1157 a multiple of 11?
False
Is 1409 a multiple of 60?
False
Is 58 even?
True
Is 33976 a multiple of 4?
True
Does 13 divide 3271?
False
Does 42 divide 32550?
True
Does 125 divide 24125?
True
Is 881 a multiple of 14?
False
Is 5311 a multiple of 46?
False
Is 31 a factor of 7838?
False
Is 904 a multiple of 10?
False
Is 26 a factor of 2756?
True
Is 3 a factor of 504?
True
Is 37 a factor of 633?
False
Is 17 a factor of 653?
False
Does 12 divide 2303?
False
Does 14 divide 2215?
False
Is 8 a factor of 795?
False
Does 46 divide 276?
True
Does 16 divide 4525?
False
Does 70 divide 6691?
False
Is 16 a factor of 1704?
False
Is 3 a factor of 440?
False
Is 20456 a multiple of 29?
False
Is 9881 a multiple of 41?
True
Is 13 a factor of 95563?
True
Is 1980 a multiple of 15?
True
Is 13605 a multiple of 65?
False
Is 231 a multiple of 27?
False
Is 1096 a multiple of 100?
False
Does 21 divide 530?
False
Does 39 divide 24763?
False
Does 32 divide 960?
True
Is 8 a factor of 24008?
True
Is 7 a factor of 5819?
False
Does 6 divide 53492?
False
Does 4 divide 640?
True
Is 2344 a multiple of 42?
False
Is 3220 a multiple of 35?
True
Is 40 a factor of 920?
True
Does 84 divide 11340?
True
Is 5 a factor of 2220?
True
Is 52 a factor of 5462?
False
Does 10 divide 27036?
False
Does 11 divide 935?
True
Is 7 a factor of 23427?
False
Is 229 a factor of 5267?
True
Is 1178 a multiple of 6?
False
Does 75 divide 1650?
True
Is 26 a factor of 2860?
True
Is 25 a factor of 1668?
False
Is 3748 a multiple of 67?
False
Is 13776 a multiple of 3?
True
Is 772 a multiple of 17?
False
Is 11 a factor of 15588?
False
Is 27 a factor of 189?
True
Is 2 a factor of 591?
False
Does 35 divide 1164?
False
Is 8 a factor of 2134?
False
Does 8 divide 1187?
False
Is 6 a factor of 7?
False
Is 45 a factor of 74205?
True
Is 11498 a multiple of 15?
False
Does 18 divide 774?
True
Is 7353 a multiple of 171?
True
Is 1427 a multiple of 8?
False
Does 8 divide 40?
True
Is 32900 a multiple of 140?
True
Does 26 divide 3332?
False
Is 16812 a multiple of 253?
False
Does 5 divide 7760?
True
Does 18 divide 324?
True
Does 5 divide 725?
True
Is 1546 a multiple of 25?
False
Is 13600 a multiple of 80?
True
Does 41 divide 4567?
False
Is 2357 a multiple of 12?
False
Is 17 a factor of 2057?
True
Is 15 a factor of 35160?
True
Is 57 a factor of 8631?
False
Is 29 a factor of 3625?
True
Is 28257 a multiple of 4?
False
Does 8 divide 8240?
True
Is 15608 a multiple of 17?
False
Does 37 divide 328?
False
Is 3565 a multiple of 9?
False
Is 2096 a multiple of 40?
False
Is 1770 a multiple of 30?
True
Is 120 a multiple of 15?
True
Is 270 a factor of 10304?
False
Is 4 a factor of 478?
False
Does 12 divide 12720?
True
Is 5 a factor of 496?
False
Is 7214 a multiple of 3?
False
Does 10 divide 200?
True
Does 24 divide 2040?
True
Is 2990 even?
True
Is 19766 a multiple of 193?
False
Is 14 a factor of 118?
False
Is 14 a factor of 2273?
False
Does 4 divide 24?
True
Does 9 divide 2060?
False
Does 43 divide 172?
True
Does 29 divide 2162?
False
Is 9401 a multiple of 3?
False
Is 31 a factor of 439?
False
Is 2340 a multiple of 15?
True
Does 123 divide 28411?
False
Is 12 a factor of 748?
False
Is 11659 a multiple of 89?
True
Does 26 divide 22906?
True
Does 94 divide 8514?
False
Is 53 a factor of 1355?
False
Is 12 a factor of 32?
False
Does 54 divide 5184?
True
Does 63 divide 3276?
True
Is 4554 a multiple of 32?
False
Is 13 a factor of 30168?
False
Is 29 a factor of 54491?
True
Is 15 a factor of 1734?
False
Is 57 a factor of 14022?
True
Does 60 divide 5580?
True
Is 9 a factor of 135?
True
Is 20 a factor of 2973?
False
Is 532 a multiple of 32?
False
Is 15 a factor of 300?
True
Is 1178 a multiple of 4?
False
Is 3 a factor of 391?
False
Is 26 a factor of 2028?
True
Is 2640 a multiple of 27?
False
Is 9 a factor of 441?
True
Is 2 a factor of 2984?
True
Does 9 divide 693?
True
Does 11 divide 132?
True
Does 54 divide 1080?
True
Does 54 divide 4482?
True
Is 3313 a multiple of 18?
False
Is 482 a multiple of 89?
False
Does 22 divide 1352?
False
Does 244 divide 9111?
False
Does 32 divide 733?
False
Is 85 a factor of 20060?
True
Is 14 a factor of 2305?
False
Is 10 a factor of 500?
True
Is 85 a factor of 4762?
False
Is 17 a factor of 5389?
True
Is 1108 a multiple of 10?
False
Is 49 a factor of 4656?
False
Does 26 divide 887?
False
Is 8853 a multiple of 34?
False
Does 2 divide 8131?
False
Does 3 divide 5328?
True
Is 11 a factor of 4251?
False
Does 12 divide 10512?
True
Does 4 divide 8?
True
Is 19 a factor of 1121?
True
Does 116 divide 115536?
True
Does 11 divide 517?
True
Does 41 divide 23216?
False
Does 221 divide 14816?
False
Is 213 a factor of 51120?
True
Is 462 a multiple of 3?
True
Does 3 divide 68?
False
Does 28 divide 43310?
False
Is 2815 a multiple of 11?
False
Does 15 divide 3255?
True
Does 23 divide 1269?
False
Is 15774 a multiple of 33?
True
Is 16942 a multiple of 12?
False
Is 6016 a multiple of 32?
True
Does 41 divide 1476?
True
Does 34 divide 2380?
True
Does 162 divide 3402?
True
Is 29640 a multiple of 39?
True
Is 7 a factor of 850?
False
Does 22 divide 1310?
False
Does 13 divide 130?
True
Is 6 a factor of 206?
False
Does 28 divide 2826?
False
Is 57 a factor of 52685?
False
Is 22493 a multiple of 83?
True
Is 4055 a multiple of 23?
False
Is 5677 a multiple of 21?
False
Is 29 a factor of 19865?
True
Is 2786 a multiple of 30?
False
Is 29 a factor of 174?
True
Does 17 divide 139?
False
Does 10 divide 15970?
True
Is 258 a multiple of 40?
False
Does 42 divide 8106?
True
Is 17 a factor of 6715?
True
Does 11 divide 1584?
True
Is 26 a factor of 6006?
True
Does 64 divide 896?
True
Does 5 divide 861?
False
Does 54 divide 4069?
False
Is 1148 a multiple of 28?
True
Does 28 divide 47768?
True
Does 3 divide 763?
False
Is 23028 a multiple of 60?
False
Does 6 divide 681?
False
Is 16 a factor of 224?
True
Is 570 a multiple of 13?
False
Is 18 a factor of 774?
True
Does 24 divide 691?
False
Is 2351 a multiple of 20?
False
Is 11 a factor of 1660?
False
Is 19 a factor of 10108?
True
Is 4981 a multiple of 10?
False
Does 32 divide 1152?
True
Is 8 a factor of 27?
False
Is 4144 a multiple of 64?
False
Is 832 a multiple of 26?
True
Is 207 a factor of 7452?
True
Is 81 a factor of 247?
False
Is 33 a factor of 6336?
True
Does 18 divide 1738?
False
Is 4 a factor of 4356?
True
Is 155 a multiple of 56?
False
Is 4 a factor of 640?
True
Does 16 divide 3104?
True
Is 8715 a multiple of 21?
True
Is 28 a factor of 17768?
False
Is 26 a factor of 30758?
True
Is 17732 a multiple of 62?
True
Is 4 a factor of 340?
True
Is 24 a factor of 5105?
False
Is 16972 a multiple of 82?
False
Does 31 divide 288?
False
Does 9 divide 1743?
False
Is 9 a factor of 2061?
True
Does 20 divide 3240?
True
Does 14 divide 264?
False
Is 91 a factor of 1365?
True
Is 7 a factor of 2729?
False
Is 1323 a multiple of 63?
True
Does 23 divide 1679?
True
Is 281 even?
False
Does 33 divide 2145?
True
Does 15 divide 58995?
True
Is 265 a multiple of 5?
True
Does 85 divide 3775?
False
Is 15 a multiple of 2?
False
Is 7 a multiple of 7?
True
Is 320 a multiple of 22?
False
Does 14 divide 831?
False
Does 5 divide 2562?
False
Does 66 divide 623?
False
Is 2970 a multiple of 33?
True
Is 7 a factor of 2956?
False
Is 259 a factor of 17353?
True
Is 10 a factor of 270?
True
Is 91 a factor of 7745?
False
Is 70 a factor of 2310?
True
Is 6707 a multiple of 13?
False
Is 8 a factor of 904?
True
Does 1